{"id":59,"date":"2019-10-24T13:19:31","date_gmt":"2019-10-24T11:19:31","guid":{"rendered":"http:\/\/alareunion.fr\/?page_id=59"},"modified":"2025-07-25T16:32:46","modified_gmt":"2025-07-25T12:32:46","slug":"tarifs-location-saisonniere-etand-saint-paul","status":"publish","type":"page","link":"https:\/\/alareunion.fr\/index.php\/tarifs-location-saisonniere-etand-saint-paul\/","title":{"rendered":"Tarifs"},"content":{"rendered":"\n<p class=\"has-text-align-justify has-text-color has-normal-font-size\" style=\"color:#212272\">Notre tarif de base est de&nbsp;60 \u20ac la nuit pour une ou deux personnes (1 lit double) et pour 7 nuits minimum, avec une majoration de 5 \u20ac par nuit pour une personne et\/ou un lit suppl\u00e9mentaire.<\/p>\n\n\n\n<p class=\"has-text-align-justify has-text-color has-normal-font-size\" style=\"color:#212272\">A partir de 7 nuits cons\u00e9cutives, le tarif est d\u00e9gressif jusqu&rsquo;\u00e0 30 \u20ac\/nuit pour 30 nuits minimum et pour 1 ou 2 personnes.<\/p>\n\n\n\n<p class=\"has-text-align-justify has-text-color has-normal-font-size\" style=\"color:#212272\">N&rsquo;h\u00e9sitez pas \u00e0 nous contacter en cliquant sur le lien ci-dessous pour une proposition tarifaire de courte dur\u00e9e pour vos vacances ou pour un s\u00e9jour plus long.<\/p>\n\n\n\n<p class=\"has-text-align-center has-vivid-cyan-blue-color has-text-color\" style=\"font-size:26px\"><a href=\"http:\/\/alareunion.fr\/index.php\/formulaire\/\" target=\"_blank\" rel=\"noreferrer noopener\" aria-label=\"Demande de disponibilit\u00e9&nbsp;et tarification (s\u2019ouvre dans un nouvel onglet)\">Demande de disponibilit\u00e9&nbsp;et tarification<\/a><\/p>\n\n\n\n<p class=\"has-text-align-center has-very-dark-gray-color has-text-color has-medium-font-size\">Nos conditions de r\u00e9servation et de paiement.<\/p>\n\n\n\n<p class=\"has-text-align-justify has-text-color has-normal-font-size\" style=\"color:#943761\">&#8211; Nous demandons un acompte de 10% du montant total du s\u00e9jour \u00e0 la r\u00e9servation avec un minimum d&rsquo;une nuit et le r\u00e8glement du solde le jour de votre arriv\u00e9e. Pour les s\u00e9jours sup\u00e9rieurs \u00e0 1 mois, possibilit\u00e9 de r\u00e9gler mensuellement suivant accord pr\u00e9alable.<\/p>\n\n\n\n<p class=\"has-text-color has-normal-font-size\" style=\"color:#943761\">&#8211; Sur demande, il est possible d&rsquo;\u00e9tablir un contrat de location.<\/p>\n\n\n\n<p class=\"has-text-align-justify has-text-color has-normal-font-size\" style=\"color:#943761\">&#8211; Nous acceptons les ch\u00e8ques bancaires et les esp\u00e8ces. Vous pouvez \u00e9galement effectuer un virement bancaire pour le versement de l&rsquo;acompte.<\/p>\n\n\n\n<p class=\"has-text-align-justify has-text-color has-normal-font-size\" style=\"color:#943761\">&#8211; A votre arriv\u00e9e, nous vous demanderons un ch\u00e8que de caution de 420 \u20ac qui&nbsp;n&rsquo;est pas encaiss\u00e9 et vous sera restitu\u00e9 en fin de s\u00e9jour apr\u00e8s \u00e9tat des lieux, sous r\u00e9serve qu&rsquo;il n&rsquo;y ait pas d&rsquo;intervention ou d&rsquo;achat \u00e0 effectuer suite \u00e0 votre s\u00e9jour.<\/p>\n\n\n\n<p class=\"has-text-align-justify has-text-color has-normal-font-size\" style=\"color:#943761\">Auquel cas, le montant de la caution vous sera retourn\u00e9 d\u00e9duite des frais de r\u00e9paration ou d&rsquo;achats effectu\u00e9s, accompagn\u00e9 des factures dans un d\u00e9lai de 2 mois.<\/p>\n\n\n\n<p class=\"has-vivid-cyan-blue-color has-text-color has-link-color has-medium-font-size wp-elements-a7cdfae8a1224dc75d10519d172d27f6\">Formulaire <a href=\"https:\/\/alareunion.fr\/index.php\/formulaire\/\">Demande de disponibilit\u00e9s<\/a><\/p>\n\n\n\n<p class=\"has-link-color has-medium-font-size wp-elements-942eb4355afd31f065cdb18f0032b19d\"><\/p>\n\n\n\n<p><\/p>\n","protected":false},"excerpt":{"rendered":"<p>Notre tarif de base est de&nbsp;60 \u20ac la nuit pour une ou deux personnes (1 lit double) et pour 7 nuits minimum, avec une majoration de 5 \u20ac par nuit pour une personne et\/ou un lit suppl\u00e9mentaire. A partir de 7 nuits cons\u00e9cutives, le tarif est d\u00e9gressif jusqu&rsquo;\u00e0 30 \u20ac\/nuit pour 30 nuits minimum et [&hellip;]<\/p>\n","protected":false},"author":1,"featured_media":0,"parent":0,"menu_order":0,"comment_status":"closed","ping_status":"closed","template":"","meta":{"_exactmetrics_skip_tracking":false,"_exactmetrics_sitenote_active":false,"_exactmetrics_sitenote_note":"","_exactmetrics_sitenote_category":0,"footnotes":""},"class_list":["post-59","page","type-page","status-publish","hentry"],"wppr_data":{"cwp_meta_box_check":"No"},"jetpack_sharing_enabled":false,"jetpack_likes_enabled":false,"_links":{"self":[{"href":"https:\/\/alareunion.fr\/index.php\/wp-json\/wp\/v2\/pages\/59","targetHints":{"allow":["GET"]}}],"collection":[{"href":"https:\/\/alareunion.fr\/index.php\/wp-json\/wp\/v2\/pages"}],"about":[{"href":"https:\/\/alareunion.fr\/index.php\/wp-json\/wp\/v2\/types\/page"}],"author":[{"embeddable":true,"href":"https:\/\/alareunion.fr\/index.php\/wp-json\/wp\/v2\/users\/1"}],"replies":[{"embeddable":true,"href":"https:\/\/alareunion.fr\/index.php\/wp-json\/wp\/v2\/comments?post=59"}],"version-history":[{"count":22,"href":"https:\/\/alareunion.fr\/index.php\/wp-json\/wp\/v2\/pages\/59\/revisions"}],"predecessor-version":[{"id":767,"href":"https:\/\/alareunion.fr\/index.php\/wp-json\/wp\/v2\/pages\/59\/revisions\/767"}],"wp:attachment":[{"href":"https:\/\/alareunion.fr\/index.php\/wp-json\/wp\/v2\/media?parent=59"}],"curies":[{"name":"wp","href":"https:\/\/api.w.org\/{rel}","templated":true}]}}

<p class="has-text-align-justify has-text-color has-normal-font-size" style="color:#212272">Notre tarif de base est de&nbsp;60 € la nuit pour une ou deux personnes (1 lit double) et pour 7 nuits minimum, avec une majoration de 5 € par nuit pour une personne et/ou un lit supplémentaire.</p>



<p class="has-text-align-justify has-text-color has-normal-font-size" style="color:#212272">A partir de 7 nuits consécutives, le tarif est dégressif jusqu&rsquo;à 30 €/nuit pour 30 nuits minimum et pour 1 ou 2 personnes.</p>



<p class="has-text-align-justify has-text-color has-normal-font-size" style="color:#212272">N&rsquo;hésitez pas à nous contacter en cliquant sur le lien ci-dessous pour une proposition tarifaire de courte durée pour vos vacances ou pour un séjour plus long.</p>



<p class="has-text-align-center has-vivid-cyan-blue-color has-text-color" style="font-size:26px"><a href="http://alareunion.fr/index.php/formulaire/" target="_blank" rel="noreferrer noopener" aria-label="Demande de disponibilité&nbsp;et tarification (s’ouvre dans un nouvel onglet)">Demande de disponibilité&nbsp;et tarification</a></p>



<p class="has-text-align-center has-very-dark-gray-color has-text-color has-medium-font-size">Nos conditions de réservation et de paiement.</p>



<p class="has-text-align-justify has-text-color has-normal-font-size" style="color:#943761">&#8211; Nous demandons un acompte de 10% du montant total du séjour à la réservation avec un minimum d&rsquo;une nuit et le règlement du solde le jour de votre arrivée. Pour les séjours supérieurs à 1 mois, possibilité de régler mensuellement suivant accord préalable.</p>



<p class="has-text-color has-normal-font-size" style="color:#943761">&#8211; Sur demande, il est possible d&rsquo;établir un contrat de location.</p>



<p class="has-text-align-justify has-text-color has-normal-font-size" style="color:#943761">&#8211; Nous acceptons les chèques bancaires et les espèces. Vous pouvez également effectuer un virement bancaire pour le versement de l&rsquo;acompte.</p>



<p class="has-text-align-justify has-text-color has-normal-font-size" style="color:#943761">&#8211; A votre arrivée, nous vous demanderons un chèque de caution de 420 € qui&nbsp;n&rsquo;est pas encaissé et vous sera restitué en fin de séjour après état des lieux, sous réserve qu&rsquo;il n&rsquo;y ait pas d&rsquo;intervention ou d&rsquo;achat à effectuer suite à votre séjour.</p>



<p class="has-text-align-justify has-text-color has-normal-font-size" style="color:#943761">Auquel cas, le montant de la caution vous sera retourné déduite des frais de réparation ou d&rsquo;achats effectués, accompagné des factures dans un délai de 2 mois.</p>



<p class="has-vivid-cyan-blue-color has-text-color has-link-color has-medium-font-size wp-elements-a7cdfae8a1224dc75d10519d172d27f6">Formulaire <a href="https://alareunion.fr/index.php/formulaire/">Demande de disponibilités</a></p>



<p class="has-link-color has-medium-font-size wp-elements-942eb4355afd31f065cdb18f0032b19d"></p>



<p></p>

<p>Notre tarif de base est de&nbsp;60 € la nuit pour une ou deux personnes (1 lit double) et pour 7 nuits minimum, avec une majoration de 5 € par nuit pour une personne et/ou un lit supplémentaire. A partir de 7 nuits consécutives, le tarif est dégressif jusqu&rsquo;à 30 €/nuit pour 30 nuits minimum et [&hellip;]</p>
